est common divisor of 84 and j?
12
Let c be ((-1180)/3)/(-1)*(-84)/(-56). Suppose 7*o - 642 = c. Calculate the highest common divisor of 11 and o.
11
Let v = -375 - -718. What is the highest common factor of 98 and v?
49
Suppose -179*k = -144*k - 57120. Calculate the greatest common divisor of 102 and k.
102
Suppose -d = -34 + 23. Let x(g) = 36*g**2 - 2*g + 3. Let f be x(2). What is the highest common divisor of f and d?
11
Suppose -3*g + 107 = -1. Calculate the greatest common factor of 162 and g.
18
Let a be 5 - 0 - (-143)/13. Suppose -34*x + a = -33*x. What is the highest common divisor of x and 128?
16
Suppose 6*b = 99 + 15. Calculate the highest common divisor of b and 2.
1
Suppose 3 = 2*i - 3. Let f(w) = -18*w + 5. Let g be f(i). Let c = -13 - g. Calculate the greatest common divisor of 4 and c.
4
Let l = -138 - -463. What is the highest common factor of l and 25?
25
Let a(x) = 137*x - 1. Let c be a(1). Suppose 4*m - 29 + 221 = 0. Let k = -31 - m. What is the highest common divisor of c and k?
17
Suppose 20*f = 23*f - 9072. What is the greatest common factor of f and 112?
112
Suppose -2*d - 19 + 23 = 0. Suppose v + 12 = 4*c + 3*v, 3*v = 3*c. Calculate the highest common factor of c and d.
2
Let b = -16 - -15. Let n be 11*1 + (b - -1). Let t = n - 1. Calculate the greatest common divisor of t and 90.
10
Suppose -20 + 620 = 5*f. Calculate the highest common factor of f and 30.
30
Let f = 188 - 152. Calculate the highest common factor of f and 288.
36
Suppose 6*w = 11*w - 10. Let g be 12/(-4) + 3 + (-30)/(-3). What is the highest common divisor of g and w?
2
Let a(v) = 126*v + 904. Let b be a(-7). Calculate the highest common divisor of 1694 and b.
22
Let l(y) = -y + 2. Let i be l(-7). Let k(g) = g**2 - 9*g + 3. Let h be k(i). Suppose h*t = -t + 12. What is the highest common factor of 9 and t?
3
Let x(k) = 5*k**2 + 2*k - 18. Let b be x(-4). What is the highest common divisor of b and 6?
6
Suppose -2*m + 172 = -p, p - 4 = -0*p. What is the greatest common factor of m and 66?
22
Let a be 30/((0 - -2)/2). Let v = -122 + 197. What is the highest common factor of a and v?
15
Suppose 5*l - 280 = -0*g - 5*g, -5*l = -3*g - 296. Calculate the highest common factor of 928 and l.
58
Let w(l) = 4*l**2 - 17*l + 32. Let p be w(9). What is the highest common divisor of 29 and p?
29
Suppose 0 = 4*d - 478 + 22. Suppose 30 = -4*b + d. What is the greatest common factor of b and 3?
3
Let s(g) = 2*g + 137. Let r be s(19). Calculate the greatest common divisor of 140 and r.
35
Let n be ((-31)/2 - -1)/(4/(-88)). Calculate the greatest common factor of n and 33.
11
Suppose -4*m = 4*l + 8, m - 4*l = -l - 6. Let w be 7/(-21) + (-10)/m. Suppose w*n - 945 = -2*n. What is the greatest common factor of n and 21?
21
Suppose 2 = -4*j + 14. Suppose 0 = 4*n + 4*y - 10 - 22, -j*n + 22 = 5*y. Suppose 3*d = 6*d - n. Calculate the greatest common factor of d and 2.
1
Let q = 665 + -350. Let z(v) = v**2 + v + 5. Let t be z(5). What is the highest common factor of q and t?
35
Let u be 38/8 - (-8)/32. Suppose 0 = 2*y + u*y - 350. Calculate the greatest common divisor of 10 and y.
10
Let b be (909/(-45) + 2 + -3)*-5. Let r = -29 + b. Calculate the highest common divisor of 33 and r.
11
Let h be ((-11)/((-88)/(-354)))/(3/(-32)). What is the greatest common divisor of 8 and h?
8
Let j = -166 + 183. Calculate the highest common factor of j and 255.
17
Let d = -2564 - -4377. Calculate the highest common divisor of 49 and d.
49
Let n be (0 - -4) + (0 - -2). Let p be 12/6*(-12)/8. Let w be p + -2 + 22 + 7. Calculate the highest common factor of w and n.
6
Suppose -3*l + 2*l - 5*w = -2, l - w = 2. Suppose -21*s + 26*s - 10 = 0. What is the highest common divisor of s and l?
2
Let r(l) = l + 5. Let x = 23 + -13. Let n be r(x). Suppose -3*s = n, -5*w + 3*s = 9 - 79. What is the greatest common factor of 11 and w?
11
Let r be (2 - 3)*-2 - -4. Let a = 15 + 0. Let u be (-16)/((-10)/a*1). Calculate the greatest common divisor of u and r.
6
Suppose -5*a = -k - 548, 5*k + 23 = 33. What is the greatest common factor of 66 and a?
22
Let n(j) = -8*j - 3. Let z be n(-2). Calculate the greatest common factor of 26 and z.
13
Let c = -193 + 373. Calculate the highest common factor of c and 150.
30
Let o be (38 - (-11 + -3)) + 10/2. What is the greatest common factor of o and 570?
57
Let c = 36 - 33. Suppose 2*a = -2*w + 294, 2 - 5 = c*a. Calculate the greatest common factor of 37 and w.
37
Suppose -2*j - 2*j = -52. Let h(z) = -2*z**2 + 88*z + 1861. Let m be h(59). What is the greatest common divisor of j and m?
13
Suppose p + 2*m - 91 = -7, 3*p - 252 = 2*m. Let u = 21 - -7. What is the greatest common divisor of p and u?
28
Suppose -275*c + 56 = -267*c. What is the greatest common divisor of c and 7?
7
Suppose -2*g - 15*l = -12*l - 31, 3*l = -3*g + 42. Calculate the greatest common divisor of g and 1.
1
Let d(v) = 20*v - 36. Let r be 11/6*(13 + -7). Let m be d(r). What is the highest common divisor of 23 and m?
23
Suppose 53 = -2*k + 83. Let f(m) = -2*m - 7. Let v be f(-5). Calculate the highest common divisor of k and v.
3
Let x = 89 - 89. Let n(q) = -10*q + 9. Let w be n(x). What is the greatest common divisor of w and 153?
9
Suppose -5*j = a - 80, -3*a = -175*j + 177*j - 19. Calculate the greatest common factor of j and 527.
17
Let d = -77 - -81. Let y be (15/(-30))/(-2 + 7/d). What is the greatest common factor of y and 1?
1
Suppose -3*d + z = -2, -d - 14 = -4*d - 2*z. Suppose -d*b + 4*b - 323 = 3*t, 4*t + 174 = b. Suppose f = 2*f - 14. What is the highest common divisor of b and f?
14
Let y = -111 + 183. Calculate the greatest common divisor of 18 and y.
18
Let f be (-4)/(-16) - 246/(-8). Let w = 549 + -394. What is the greatest common divisor of w and f?
31
Let a = -14 + -3. Let l = a + 24. Suppose 5*k + 32 = l*k. What is the greatest common divisor of k and 112?
16
Suppose 11*b = -20 + 108. Calculate the greatest common divisor of 8 and b.
8
Suppose 0 = -25*o + 21*o - w + 104, -20 = -5*w. What is the highest common factor of o and 10?
5
Let v be -10*((-16)/10)/4 + 541. Let x = v - 353. What is the highest common divisor of x and 24?
24
Let r be 270/24*8/3. Let q = r - -30. What is the highest common divisor of q and 45?
15
Let x(h) = h + 8*h**2 + 3 - 3. Let b be x(-2). Suppose -3*c - 5*r = -60, -14*c - 100 = -19*c - r. Calculate the highest common divisor of b and c.
10
Let b be (-111)/(-6)*(-10 + 24). What is the highest common divisor of 37 and b?
37
Suppose g = 3*g + 42. Let b = 141 + g. Calculate the highest common factor of 40 and b.
40
Let q be ((-8)/6)/((-12)/198). Suppose s - 7 = q. Let h be 10*s/6*3. Calculate the greatest common factor of h and 58.
29
Suppose -4*i + 5*s + 4638 = 730, -4880 = -5*i + 5*s. What is the highest common divisor of i and 36?
36
Let q = 36 + -32. Suppose 8 = x - q. What is the greatest common divisor of 84 and x?
12
Let u(y) = -y + 11. Let q be u(-9). Suppose 3*m + 2*m = q. Suppose 45 = 5*r - m*d, 38 + 7 = 5*r - 2*d. What is the greatest common factor of r and 63?
9
Let x = -3071 + 3086. Let j be -5*(-1*1 + 0). What is the greatest common factor of x and j?
5
Suppose -66*o + 64*o = -52. Suppose 0 = -4*h + 74 + o. What is the highest common factor of 5 and h?
5
Suppose 4*n - 8 = 140. Calculate the highest common divisor of n and 851.
37
Suppose 0 = 2*k - k + 5*n - 726, 5*k = 2*n + 3684. What is the greatest common divisor of 92 and k?
92
Let r(p) = 17*p**2 - 3. Let u be r(5). Suppose 4*j - 1874 + u = 0. What is the greatest common factor of 33 and j?
33
Suppose -k - 2290 = -5*x, 4 = 5*k - 21. What is the highest common factor of x and 27?
27
Let v(d) = -14*d**3 + d**2 + 3*d + 4. Suppose 2*c + 5*p = 16, 4*c - p = 3*p - 24. Let r be v(c). Calculate the highest common factor of 19 and r.
19
Suppose 4*b = 4, -8 = n - 3*n - 2*b. Suppose 2*i - 5 = 43. Calculate the greatest common factor of n and i.
3
Suppose c + 76 = 3*s - 182, -2*c + 164 = 2*s. Calculate the highest common factor of s and 136.
17
Let h = -19 - -28. Suppose -h*w - w + 1120 = 0. What is the highest common factor of w and 14?
14
Suppose -4*u + 95*y = 94*y - 2020, 0 = u - y - 508. Calculate the highest common divisor of u and 216.
72
Let g(v) = 119*v**2 + 8*v + 6. Let o be g(-1). What is the highe